 a prime number?
False
Is 547357 prime?
True
Is 5981 prime?
True
Is 20077 composite?
True
Is 3221 a composite number?
False
Is 362147 composite?
False
Is 14347 prime?
True
Is 15161 composite?
False
Is 18987 prime?
False
Is 95311 a composite number?
False
Is 56149 a composite number?
False
Is 73093 composite?
True
Is 15787 composite?
False
Is 86069 a composite number?
False
Is 21839 composite?
False
Is 1589 a prime number?
False
Is 168501 prime?
False
Is 6547 a prime number?
True
Is 645937 composite?
False
Is 30029 a composite number?
False
Is 8641 a composite number?
False
Is 2214519 a prime number?
False
Is 9509 a composite number?
True
Is 5111 a prime number?
False
Is 401843 prime?
False
Is 59687 a composite number?
True
Is 70757 composite?
True
Is 709 a composite number?
False
Is 582157 a prime number?
True
Is 11311 composite?
False
Is 953321 composite?
False
Is 669763 prime?
True
Is 17237 a composite number?
True
Is 220739 a composite number?
True
Is 11291 prime?
False
Is 483071 a prime number?
True
Is 3967 a prime number?
True
Is 64451 prime?
True
Is 961697 a composite number?
True
Is 7909 a prime number?
False
Is 114419 a prime number?
True
Is 122361 a prime number?
False
Is 8419 a composite number?
False
Is 6287 a prime number?
True
Is 90499 prime?
True
Is 7379 composite?
True
Is 10823 prime?
False
Is 1769 a composite number?
True
Is 1585 a prime number?
False
Is 329 a prime number?
False
Is 20134 composite?
True
Is 15373 prime?
True
Is 32753 prime?
False
Is 19021 a composite number?
True
Is 317561 a prime number?
False
Is 2923 composite?
True
Is 2435 composite?
True
Is 36997 a prime number?
True
Is 139541 a composite number?
True
Is 21891 prime?
False
Is 3574119 a composite number?
True
Is 32441 a prime number?
True
Is 31363 a composite number?
True
Is 295741 a prime number?
False
Is 8615 composite?
True
Is 37127 prime?
False
Is 6718 a prime number?
False
Is 8327 composite?
True
Is 36037 prime?
True
Is 34607 a prime number?
True
Is 1599583 prime?
True
Is 23719 a prime number?
True
Is 9249 a prime number?
False
Is 1055 composite?
True
Is 5953 a prime number?
True
Is 3557 a prime number?
True
Is 44527 a prime number?
False
Is 50021 composite?
False
Is 35759 prime?
True
Is 19661 a composite number?
False
Is 163 a composite number?
False
Is 6333 prime?
False
Is 935183 composite?
False
Is 759167 composite?
False
Is 156971 a composite number?
False
Is 12233 a composite number?
True
Is 116198 prime?
False
Is 122921 prime?
True
Is 228037 a composite number?
True
Is 12941 composite?
False
Is 50527 composite?
False
Is 10 a composite number?
True
Is 3413063 a composite number?
False
Is 415993 a prime number?
True
Is 2033 composite?
True
Is 5345 prime?
False
Is 611543 prime?
True
Is 33049 a composite number?
False
Is 75721 composite?
False
Is 5623 a composite number?
False
Is 6943 composite?
True
Is 21485 composite?
True
Is 302083 composite?
True
Is 2391 composite?
True
Is 780901 a prime number?
False
Is 17377 a composite number?
False
Is 20761 a composite number?
True
Is 170857 a composite number?
False
Is 15094 a composite number?
True
Is 4271 a prime number?
True
Is 180883 composite?
False
Is 81537 composite?
True
Is 125803 composite?
False
Is 7057 a prime number?
True
Is 30737 a prime number?
False
Is 3409 a composite number?
True
Is 332153 prime?
False
Is 6187 prime?
False
Is 1043 a composite number?
True
Is 1264787 a composite number?
False
Is 20507 prime?
True
Is 30479 a composite number?
True
Is 610027 composite?
True
Is 11015 a prime number?
False
Is 32713 a composite number?
False
Is 235403 a prime number?
False
Is 101641 prime?
True
Is 5387285 composite?
True
Is 2551433 prime?
True
Is 41161 prime?
True
Is 502693 prime?
False
Is 9647 prime?
False
Is 160214 a prime number?
False
Is 1644407 prime?
False
Is 106231 a composite number?
True
Is 2797199 a composite number?
True
Is 60289 prime?
True
Is 157061 composite?
False
Is 1126659 composite?
True
Is 277483 composite?
False
Is 5702 composite?
True
Is 5999845 prime?
False
Is 2477 prime?
True
Is 92623 composite?
False
Is 18181 a prime number?
True
Is 160831 a prime number?
False
Is 49307 a composite number?
False
Is 7823 composite?
False
Is 25601 composite?
False
Is 4327 prime?
True
Is 2018563 composite?
True
Is 47597 prime?
False
Is 27589 a prime number?
False
Is 563099 a composite number?
False
Is 76999 composite?
True
Is 38989 a composite number?
True
Is 30395 a prime number?
False
Is 150151 a composite number?
False
Is 12731 composite?
True
Is 787 composite?
False
Is 13367 a prime number?
True
Is 220279 a prime number?
True
Is 771455 a prime number?
False
Is 3011 a composite number?
False
Is 3271 prime?
True
Is 14566 a prime number?
False
Is 25595 composite?
True
Is 206123 a composite number?
False
Is 26077 composite?
True
Is 69061 prime?
True
Is 279605 a composite number?
True
Is 134099 a composite number?
True
Is 146453 a prime number?
False
Is 37173 prime?
False
Is 11777 a prime number?
True
Is 30335 a composite number?
True
Is 3859 a composite number?
True
Is 34535 composite?
True
Is 971339 composite?
False
Is 127279 a composite number?
True
Is 11179 composite?
True
Is 604583 a prime number?
False
Is 15401 prime?
True
Is 67447 a composite number?
False
Is 1661 composite?
True
Is 1507 composite?
True
Is 7901 prime?
True
Is 1151 composite?
False
Is 103262 a composite number?
True
Is 18089 prime?
True
Is 41579 prime?
True
Is 90911 composite?
False
Is 4306 a composite number?
True
Is 1618181 composite?
False
Is 6031 a prime number?
False
Is 6971 prime?
True
Is 9797 composite?
True
Is 21955 a prime number?
False
Is 1117 prime?
True
Is 96353 a composite number?
False
Is 17213 prime?
False
Is 14969 a prime number?
True
Is 635 prime?
False
Is 580217 composite?
True
Is 364499 a composite number?
False
Is 42641 composite?
False
Is 153347 a prime number?
False
Is 110291 a composite number?
False
Is 111913 prime?
True
Is 33851 composite?
False
Is 1425895 prime?
False
Is 37003 a prime number?
True
Is 259359 a composite number?
True
Is 56993 a composite number?
False
Is 2437 prime?
True
Is 387953 prime?
True
Is 172911 a prime number?
False
Is 4201 a composite number?
False
Is 79681 composite?
True
Is 253 composite?
True
Is 45233 a prime number?
True
Is 1452169 composite?
False
Is 47033 a composite number?
True
Is 4691 a prime number?
True
Is 131237 composite?
True
Is 83689 composite?
False
Is 299 a prime number?
False
Is 484019 composite?
False
Is 8791 prime?
False
Is 91423 prime?
True
Is 122781 prime?
False
Is 5077 a prime number?
True
Is 2456005 prime?
False
Is 14167 prime?
False
Is 683831 prime?
True
Is 35566 composite?
True
Is 81919 prime?
True
Is 12781 composite?
False
Is 453433 a composite number?
True
Is 168251 a composite number?
True
Is 35377 a prime number?
False
Is 5227 a prime number?
True
Is 38463 a prime number?
False
Is 514 a composite number?
True
Is 2633 a composite number?
False
Is 17669 a composite number?
False
Is 19451 a prime number?
False
Is 136919 prime?
False
Is 25094 a composite number?
True
Is 38017 a prime number?
False
Is 11962 prime?
False
Is 40462 a composite number?
True
Is 14143 prime?
True
Is 170949 prime?
False
Is 72133 prime?
False
Is 348077 a prime number?
True
Is 153727 a prime number?
False
Is 18267 composite?
True
Is 3985 a prime number?
False
Is 15689 prime?
False
Is 74999 prime?
False
Is 220621 prime?
False
Is 87443 a prime number?
True
Is 25087 a composite number?
False
Is 277471 composite?
True
Is 62079 a prime number?
False
Is 95747 a composite number?
False
Is 3347 prime?
True
Is 6803 a composite number?
False
Is 11099 a composite number?
True
Is 10079 a prime number?
True
Is 62581 a composite number?
False
Is 43037 a composite number?
False
Is 574907 prime?
True
Is 1061 prime?
True
Is 10133 prime?
True
Is 161303 prime?
True
Is 91174 prime?
False
Is 734777 a composite number?
True
Is 25427 a composite number?
True
Is 576505 composite?
True
Is 6007 a prime number?
True
Is 6122 a composite number?
True
Is 726607 composite?
True
Is 11089 a composite number?
True
Is 51609 composite?
True
Is 5507 a composite number?
False
Is 4903 a prime number?
True
Is 81899 a prime number?
True
Is 221537 composite?
False
Is 30985 composite?
True
Is 213274 composite?
T